27
What is the greatest common factor of 57 and 3553?
19
Calculate the highest common divisor of 3 and 61.
1
Calculate the highest common factor of 1372 and 56.
28
Calculate the highest common divisor of 20 and 250.
10
What is the greatest common factor of 358 and 3759?
179
What is the highest common divisor of 50 and 450?
50
Calculate the highest common factor of 484 and 1089.
121
Calculate the greatest common factor of 12806 and 1011.
337
Calculate the highest common factor of 46531 and 38.
19
What is the greatest common factor of 2613 and 156?
39
What is the highest common factor of 58 and 58?
58
Calculate the greatest common divisor of 96 and 2088.
24
Calculate the highest common factor of 627 and 2277.
33
What is the highest common divisor of 15 and 165?
15
What is the highest common divisor of 45 and 60?
15
Calculate the greatest common factor of 17444 and 98.
98
Calculate the greatest common factor of 2125 and 85.
85
What is the highest common divisor of 14240 and 89?
89
What is the highest common factor of 64 and 10216?
8
What is the highest common divisor of 3834 and 54?
54
Calculate the highest common divisor of 176 and 66.
22
Calculate the highest common divisor of 2343 and 33.
33
Calculate the highest common divisor of 36 and 1062.
18
What is the greatest common divisor of 141 and 2491?
47
Calculate the highest common divisor of 25 and 1545.
5
Calculate the highest common factor of 19 and 8056.
19
Calculate the greatest common divisor of 128 and 8.
8
Calculate the greatest common factor of 420 and 120.
60
Calculate the highest common factor of 7372 and 388.
388
What is the greatest common factor of 80 and 440?
40
Calculate the greatest common factor of 99 and 825.
33
Calculate the highest common divisor of 101 and 2626.
101
What is the highest common divisor of 184 and 3358?
46
What is the greatest common factor of 23 and 437?
23
What is the highest common factor of 132 and 292?
4
Calculate the highest common divisor of 2375 and 500.
125
Calculate the highest common divisor of 30 and 1050.
30
What is the highest common divisor of 50 and 6980?
10
What is the greatest common factor of 447 and 24?
3
Calculate the greatest common divisor of 75 and 6.
3
What is the greatest common divisor of 20 and 1280?
20
Calculate the highest common divisor of 1245 and 45.
15
Calculate the highest common factor of 79 and 224.
1
Calculate the highest common divisor of 120 and 24.
24
Calculate the greatest common factor of 1143 and 2032.
127
What is the greatest common divisor of 160 and 9280?
160
Calculate the greatest common divisor of 24 and 102.
6
What is the highest common factor of 793 and 427?
61
Calculate the greatest common factor of 57 and 836.
19
What is the highest common factor of 1920 and 60?
60
Calculate the highest common factor of 2618 and 357.
119
Calculate the greatest common divisor of 316 and 4.
4
What is the greatest common divisor of 84 and 1792?
28
Calculate the greatest common divisor of 13 and 13.
13
What is the highest common factor of 9891 and 63?
63
Calculate the highest common divisor of 12 and 1626.
6
What is the greatest common factor of 71 and 568?
71
Calculate the greatest common factor of 1250 and 22250.
250
What is the highest common divisor of 812 and 174?
58
Calculate the highest common divisor of 350 and 50.
50
Calculate the highest common factor of 22 and 10.
2
Calculate the highest common factor of 654 and 12.
6
Calculate the highest common divisor of 3175 and 127.
127
What is the highest common divisor of 22 and 671?
11
Calculate the greatest common divisor of 423 and 517.
47
What is the greatest common factor of 1595 and 22?
11
Calculate the highest common divisor of 525 and 1155.
105
What is the greatest common divisor of 12 and 4?
4
What is the greatest common factor of 84 and 3171?
21
What is the highest common factor of 15520 and 40?
40
Calculate the highest common factor of 46 and 644.
46
What is the greatest common factor of 13975 and 130?
65
What is the greatest common factor of 40 and 40?
40
What is the highest common factor of 9 and 10377?
9
Calculate the greatest common divisor of 748 and 6919.
187
What is the highest common factor of 124 and 1984?
124
What is the highest common divisor of 737 and 33?
11
What is the greatest common factor of 196 and 2254?
98
Calculate the highest common divisor of 282 and 4794.
282
Calculate the highest common divisor of 792 and 99.
99
What is the highest common factor of 4672 and 4526?
146
What is the greatest common factor of 59 and 236?
59
Calculate the highest common divisor of 5 and 335.
5
Calculate the greatest common factor of 3855 and 30.
15
Calculate the greatest common factor of 203 and 29.
29
Calculate the highest common divisor of 1728 and 320.
64
Calculate the highest common divisor of 6340 and 30.
10
Calculate the greatest common factor of 5 and 1715.
5
What is the highest common factor of 1665 and 45?
45
Calculate the greatest common factor of 44 and 1661.
11
What is the greatest common divisor of 26 and 39?
13
Calculate the highest common divisor of 154 and 3465.
77
What is the highest common divisor of 2739 and 12?
3
Calculate the highest common factor of 6 and 3591.
3
Calculate the greatest common divisor of 136 and 72.
8
Calculate the greatest common divisor of 714 and 42.
42
Calculate the highest common factor of 13 and 442.
13
Calculate the greatest common divisor of 103 and 4635.
103
What is the highest common divisor of 3680 and 160?
160
What is the greatest common divisor of 484 and 2948?
44
Calculate the greatest common factor of 10 and 1570.
10
What is the highest common divisor of 15402 and 102?
102
Calculate the highest common factor of 23176 and 32.
8
Calculate the highest common divisor of 198 and 1518.
66
Calculate the greatest common factor of 322 and 207.
23
What is the highest common factor of 2715 and 15?
15
What is the highest common divisor of 2212 and 756?
28
Calculate the greatest common factor of 250 and 12.
2
What is the greatest common factor of 15 and 10?
5
What is the greatest common divisor of 78 and 858?
78
What is the highest common divisor of 484 and 396?
44
What is the highest common divisor of 951 and 9?
3
Calculate the greatest common divisor of 2560 and 16.
16
Calculate the greatest common divisor of 51 and 21981.
51
What is the greatest common factor of 552 and 207?
69
Calculate the greatest common factor of 833 and 98.
49
What is the highest common factor of 8 and 40?
8
Calculate the greatest common divisor of 58563 and 241.
241
Calculate the highest common divisor of 3429 and 297.
27
What is the highest common divisor of 26730 and 825?
165
Calculate the greatest common divisor of 7675 and 25.
25
Calculate the highest common factor of 4 and 568.
4
What is the greatest common divisor of 1111 and 11?
11
What is the greatest common factor of 425 and 1360?
85
What is the highest common divisor of 44 and 244?
4
What is the greatest common divisor of 15 and 285?
15
Calculate the greatest common divisor of 784 and 154.
14
Calculate the greatest common divisor of 424 and 159.
53
Calculate the greatest common divisor of 4294 and 904.
226
What is the highest common factor of 26 and 2314?
26
What is the greatest common factor of 50 and 830?
10
What is the greatest common divisor of 17 and 527?
17
What is the greatest common factor of 972 and 1260?
36
What is the highest common divisor of 200 and 1425?
25
What is the greatest common divisor of 64 and 64?
64
Calculate the highest common divisor of 22 and 6094.
22
Calculate the greatest common factor of 10 and 90.
10
Calculate the greatest common divisor of 19 and 95.
19
What is the greatest common factor of 93 and 6789?
93
Calculate the highest common divisor of 1014 and 156.
78
What is the greatest common factor of 1199 and 327?
109
Calculate the highest common factor of 1683 and 612.
153
What is the greatest common divisor of 198 and 1881?
99
Calculate the highest common factor of 2263 and 62.
31
What is the greatest common factor of 9 and 18?
9
What is the highest common divisor of 135 and 8565?
15
What is the greatest common factor of 528 and 231?
33
Calculate the highest common divisor of 341 and 155.
31
What is the greatest common factor of 195 and 30?
15
Calculate 